 k be 2 + 0 - (-1 - 3). What is the remainder when j(k) is divided by 22?
17
Suppose -16 - 81 = -4*r + z, 3*z - 8 = -r. Suppose -10*c + r = -7. Calculate the remainder when c is divided by (((-2)/1)/2)/(-1).
0
Let i be (-4 + 1 + 2)*86. Let b = -55 - i. What is the remainder when 154 is divided by b?
30
Let f(g) be the second derivative of g**5/20 - g**4 + 3*g**2/2 + 8*g. Let b be f(12). What is the remainder when 118/b + 1/(-3) is divided by 14?
11
Let q = 38 - 34. Let x(t) = -t - 5 - 7*t + 4. Calculate the remainder when x(-2) is divided by q.
3
Suppose h = 2*r - 19, 0 = 4*h - 11 - 1. Suppose -4*o + 64 = -20. What is the remainder when o is divided by r?
10
Suppose -61*z + 22*z + 1950 = 0. What is the remainder when 2947 is divided by z?
47
Calculate the remainder when 43 is divided by ((-40)/(-5) + -25)*-1.
9
Let n(l) = -l**3 - 5*l**2 + 9. Let m be n(-6). Let g = m - 35. What is the remainder when 27 is divided by g?
7
Let g be 0 - 15/6*-2. Suppose -15 = 3*t, -2*k + k - 12 = g*t. Suppose -3*z = -k - 41. What is the remainder when 51 is divided by z?
15
Let z(v) = 11*v - 12. Let h be z(-6). Let o = 22 - h. Calculate the remainder when o is divided by 26.
22
Let t(j) = j**3 - 56*j**2 + 58*j - 125. What is the remainder when t(55) is divided by 15?
10
Let r(y) = -13*y + 80. Let i be r(7). Let c(h) = -h**3 - 8*h**2 + 28*h + 14. Calculate the remainder when c(i) is divided by 24.
21
Let y = -1252 - -1256. Suppose 0 = -5*i - 0*i + 2*c + 7, -25 = -3*i - 4*c. What is the remainder when y is divided by i?
1
Suppose 0*x - 18 = -6*x. Suppose -4*y + 4*o = -88, -x*o - 11 = 1. Calculate the remainder when y is divided by 10.
8
Let h(q) = -q - 1. Let k(r) = -9*r + 5. Let m(j) = -5*h(j) - k(j). Let g be m(-1). Let o = 28 - g. Calculate the remainder when o is divided by 9.
6
Let d be -6 - -3 - -2*16. Let j = d + 3. Calculate the remainder when j is divided by 18.
14
Let w be (-8 - 0 - -4) + 2. What is the remainder when 494/(-39)*3/w is divided by 11?
8
Suppose 0 = 5*i - 5*a - 50, 0 = -2*i + 3*a + 17 - 0. What is the remainder when 78 is divided by i?
0
Suppose 3*c + 1 = 127. Let v(j) = 2*j**2 - 9*j - 2. Let n be v(5). Suppose -c = -9*o + n*o. What is the remainder when 32 is divided by o?
4
Suppose -3*s = -8 + 68. Let a = -5 - s. What is the remainder when 27 is divided by a?
12
Let v(s) = -s**3 + 7*s**2 - 5*s + 5. What is the remainder when v(6) is divided by (-165)/825*-5*5?
1
Let u(j) = -j**2 - 18*j - 20. Let d(h) = -h**3 + 28*h**2 + 2*h - 22. Calculate the remainder when d(28) is divided by u(-16).
10
Suppose -21*a - 10*a + 2666 = 0. What is the remainder when 341 is divided by a?
83
Let g = -727 - -963. Calculate the remainder when g is divided by 30.
26
Suppose -3*x - 59 = -83. What is the remainder when (-30 + 1 + -2)*-1 is divided by x?
7
Let p be (-6)/((3/(-30))/((-3)/(-12))). Suppose -2*d = -2*h - 3*d + 8, -5*h = 5*d - p. Calculate the remainder when 12 is divided by h.
2
Let u(z) = 10*z + 143. Calculate the remainder when u(-11) is divided by 25.
8
Suppose 10062 = 162*r - 136*r. What is the remainder when r is divided by 97?
96
Let c be 70/(-15)*(-18)/7. Suppose 3*z = 4*o - 63, 2*o = 2*z + c + 20. What is the remainder when o is divided by 9?
6
Let m(b) = -b**2 - 5*b + 3. Suppose -24 = 3*x + 18. Calculate the remainder when (-74)/x + (-2)/7 is divided by m(-5).
2
Let x(k) = -3*k - 27. Let p be x(-13). Let m = 25 + p. What is the remainder when 110 is divided by m?
36
Let b be 77/3 + (-9)/(-27) - 4. Let g(q) = 16*q**2. Let x be g(-1). Suppose -d = -x - b. Calculate the remainder when d is divided by 10.
8
Let p = -2 + 4. Suppose -p*z + 0*z = 0. Suppose -2*s = -z*s - 42. What is the remainder when s is divided by 11?
10
Let x(n) be the second derivative of n**3/2 + 21*n**2 + 6*n. What is the remainder when x(16) is divided by 31?
28
Suppose -a + 133 = 6*a. Calculate the remainder when 93 is divided by a.
17
Let h(o) = -o - 2. Let u be h(-3). Suppose -v + 4*f = 3*v - 20, -4*v + f + 26 = 0. What is the remainder when u*(-11)/(-4)*4 is divided by v?
4
Suppose -z + 1093 = 2*c, 4*c - 2189 = 2*z - 5*z. What is the remainder when c is divided by 22?
17
Suppose 22*h - 534 - 940 = 0. Calculate the remainder when h is divided by 35.
32
Suppose 3 = -4*a + 2*t + 127, -5*t = a - 53. Suppose 5*o - 11 = -2*j + 2*o, j - 38 = 5*o. What is the remainder when a is divided by j?
7
Let r = 298 + -191. Suppose -4*i + r = -9. What is the remainder when 171 is divided by i?
26
Let f(d) = -25*d**2 - d - 2. Let b(g) = -g**2 - g - 1. Let z(y) = b(y) - f(y). Calculate the remainder when (2 + -5 + (0 - -2))*(3 - 76) is divided by z(-1).
23
Suppose 5*q - 26 = -5*c + 9, -c - 3*q + 13 = 0. What is the remainder when c - (15 - 3)/(-4) is divided by 3?
1
Suppose 19*b - 588 - 267 = 0. What is the remainder when 221 is divided by b?
41
What is the remainder when 22 is divided by (-5)/(-15) - (5740/30)/(-14)?
8
Suppose 2*a - 40 = -2*l - 0*l, -4*l + 3*a = -80. Suppose -3*c = -5*q + 130, 32 = 2*q - 2*c - l. What is the remainder when q is divided by 10?
6
Let o be (-3)/15 + 8/(-10). Let a(c) = 57*c**2 + c. What is the remainder when a(-1) is divided by (-2)/11 + 1055/(-55)*o?
18
Let p = 717 - 711. What is the remainder when 398 is divided by p?
2
Let m(x) = x**2 - 19*x - 55. Calculate the remainder when 106 is divided by m(22).
7
Let n(r) = 2*r**2 + 29*r + 4. Suppose h - 2*h = 13. Let m be n(h). Let x = 45 - m. Calculate the remainder when x is divided by 28.
24
Suppose -4*v + 32 = -4*t, 0 = 7*t - 3*t - 12. What is the remainder when 1361 is divided by v?
8
Suppose 5*c = -4*s + 28, -4 = -3*c + 8. What is the remainder when 55 is divided by s?
1
Let r(a) = a**3 + 14*a**2 + 13*a + 9. Let x be (-2)/(-2)*(-52)/4. Calculate the remainder when r(x) is divided by 3.
0
Let v be 4*7*2/4. Let n be 6/21 + (-4)/v. Suppose g - 8 - 40 = n. What is the remainder when g is divided by 10?
8
Let x be 7/(-4*(-2)/8). Calculate the remainder when 82 + (20/70 - 9/x) is divided by 22.
15
Suppose 3*z = -5*r + 4*z + 151, 4*r - 4*z - 124 = 0. Calculate the remainder when 346 is divided by r.
16
Let o = -5 - -48. Let k = 90 - o. Calculate the remainder when k is divided by 24.
23
Suppose 6 = 3*g - g. Suppose g*o = 4*i - 171, 0*i + 205 = 5*i - 2*o. Suppose -2*s + 47 + 16 = 3*h, 4*s = 0. What is the remainder when i is divided by h?
18
Let n(y) = -y**2 - 23*y + 210. Calculate the remainder when n(-27) is divided by 49.
4
Suppose 128 = 8*w - 568. What is the remainder when w is divided by 18?
15
Suppose -u - 2*l - 40 = 0, -4*u + 3*l = -7*u - 126. Let k = 34 - u. Calculate the remainder when 44 is divided by (-2)/13 - (-1806)/k.
21
Let a(d) = 28*d**2 - 2*d + 1. Let o be a(2). Let y = 156 - o. What is the remainder when y is divided by 12?
11
Suppose -5*o = 2*k - 26, -17 = -3*o - 2*o + k. What is the remainder when 49 + o/(3/(-3)) is divided by 12?
9
Let g(v) = 25*v - 572. What is the remainder when g(26) is divided by 5?
3
Suppose -2*g + 179 = 3*o, -5*o + g = -2*o - 176. What is the remainder when o is divided by 20?
19
Suppose -3*w + 4*y + 35 = 15, 2*y = 3*w - 10. Suppose w = -z + 104 - 28. Suppose d + 3*d = z. What is the remainder when 37 is divided by d?
18
Suppose o = 4*a - 262, 0*a - a = -3*o - 71. What is the remainder when 125 is divided by a?
60
Suppose -g + 42 + 36 = 0. Calculate the remainder when g is divided by 36.
6
What is the remainder when 222 is divided by (-137)/(-3) - ((-100)/15)/(-10)?
42
Let l = 15 - 5. What is the remainder when 15 is divided by l?
5
Let g(m) = -m + 6. Let x(o) = -o**2 + 2*o - 7. Let u(w) = -3*g(w) - 2*x(w). Suppose -197 - 50 = -13*l. Calculate the remainder when l is divided by u(3).
8
Let u(j) = 2*j + 16. Let t be u(-6). Suppose 4*x = 5*z - 0*z + 37, -x + 3*z + t = 0. Let n = 22 - -27. What is the remainder when n is divided by x?
10
Let o(s) = -21*s + 42. Calculate the remainder when o(0) is divided by 36.
6
Let o = 8 - 6. Let l = 185 + -179. What is the remainder when l is divided by o?
0
Let g = 143 + -136. Suppose 3*s - 4*i = 43, 2*s - 31 + g = 5*i. Calculate the remainder when 116 is divided by s.
14
Let z = 655 - 649. Calculate the remainder when 219 is divided by z.
3
Let i = 502 - 353. Calculate the remainder when i is divided by 19.
16
Suppose 1690 + 443 = -9*k